e greatest common factor of 245025 and 5913.
81
What is the greatest common factor of 22325 and 15425?
25
Calculate the greatest common divisor of 11152 and 1853979.
41
Calculate the greatest common factor of 1809 and 542168757.
603
What is the greatest common factor of 4 and 149170?
2
Calculate the greatest common divisor of 197389161 and 5924.
1481
Calculate the greatest common divisor of 428 and 21101470.
214
What is the highest common divisor of 1488 and 3008922?
186
What is the highest common factor of 25432 and 1179464?
88
What is the highest common divisor of 28572 and 1052?
4
Calculate the greatest common divisor of 1539 and 8702.
19
What is the greatest common factor of 94369061 and 677?
677
What is the highest common factor of 17584 and 47040?
112
Calculate the highest common divisor of 26308680 and 56910.
8130
Calculate the greatest common divisor of 591151 and 71797.
671
Calculate the highest common factor of 14241 and 39945.
3
What is the highest common factor of 1117 and 1919036159?
1117
What is the highest common factor of 1100748 and 216876?
4092
What is the greatest common factor of 312377930 and 20?
10
Calculate the highest common divisor of 112 and 9879216.
16
Calculate the greatest common factor of 132 and 1010473508.
44
Calculate the greatest common factor of 62358468 and 2672.
668
Calculate the greatest common divisor of 59202 and 64557504.
4554
Calculate the highest common divisor of 460916442 and 44184.
11046
Calculate the greatest common divisor of 162 and 8732313.
27
Calculate the greatest common divisor of 7626223 and 211871.
1133
Calculate the highest common divisor of 3784618500 and 195.
195
Calculate the greatest common factor of 55879 and 17612.
17
Calculate the highest common factor of 1531134 and 534.
6
Calculate the greatest common divisor of 46 and 72076043.
23
Calculate the greatest common factor of 6392676 and 62884.
796
What is the highest common divisor of 12694 and 88799146?
1154
What is the greatest common factor of 147463 and 176621?
239
Calculate the greatest common factor of 11313 and 417042.
27
Calculate the greatest common divisor of 48804504 and 48.
24
What is the greatest common factor of 24972 and 674844?
12
What is the highest common divisor of 1843302 and 8969871?
12981
What is the highest common divisor of 5693762 and 314?
314
Calculate the greatest common divisor of 234 and 921762.
18
What is the greatest common divisor of 33394 and 17818?
118
Calculate the highest common divisor of 18815 and 431609.
71
What is the highest common divisor of 1014055 and 38955?
245
What is the highest common divisor of 42697456 and 656?
16
What is the greatest common divisor of 1504536 and 48?
24
What is the greatest common factor of 12802347 and 2322?
1161
Calculate the greatest common factor of 7144564 and 8540.
1708
Calculate the greatest common factor of 2550566 and 17.
1
What is the greatest common factor of 250591 and 811723?
1199
What is the greatest common divisor of 25180170 and 3450?
690
Calculate the highest common divisor of 5486 and 5576610.
26
What is the greatest common factor of 2327562 and 540?
54
Calculate the highest common factor of 27023106 and 44.
22
What is the highest common factor of 1097784 and 220599?
1737
What is the greatest common divisor of 1166905 and 776871?
3197
Calculate the greatest common divisor of 8822642 and 11358.
1262
What is the highest common factor of 900 and 197619516?
36
What is the highest common divisor of 163946181 and 3?
3
Calculate the highest common divisor of 20712870 and 45.
45
What is the highest common factor of 5978713 and 153?
17
What is the highest common divisor of 3892281 and 182139?
327
What is the greatest common factor of 2244 and 267708?
12
What is the greatest common factor of 7846 and 18?
2
Calculate the highest common divisor of 2244753709 and 11.
11
What is the highest common divisor of 564 and 198481893?
141
Calculate the highest common divisor of 63065451 and 3452.
863
Calculate the highest common factor of 90 and 154525.
5
Calculate the greatest common divisor of 20587094 and 88.
22
Calculate the highest common divisor of 190330 and 195440.
70
Calculate the greatest common factor of 1992874 and 51662.
26
Calculate the greatest common divisor of 1683 and 159537843.
153
Calculate the greatest common factor of 9544932 and 135.
27
What is the greatest common factor of 482774 and 743569?
1213
What is the highest common divisor of 2254558 and 53428?
74
Calculate the greatest common divisor of 93376 and 176.
16
What is the greatest common factor of 1659 and 922246?
79
Calculate the highest common factor of 14259 and 554631.
147
What is the highest common divisor of 48240 and 36150?
30
Calculate the greatest common divisor of 85 and 33392845.
85
What is the highest common divisor of 1369917400 and 5210?
5210
What is the highest common factor of 157315872 and 112?
112
Calculate the highest common factor of 1307365 and 20329.
701
What is the highest common divisor of 20172059 and 4286?
2143
What is the highest common divisor of 96 and 38299232?
32
What is the highest common factor of 2698504 and 4?
4
Calculate the highest common factor of 1174 and 3856003.
587
What is the greatest common factor of 3162 and 6199566?
186
What is the highest common divisor of 1777375840 and 2264?
2264
Calculate the highest common factor of 398 and 5217979.
199
What is the greatest common divisor of 806 and 32269?
1
What is the greatest common factor of 340830 and 148050?
630
Calculate the greatest common divisor of 90842704 and 796.
796
Calculate the highest common factor of 116530 and 87064170.
2710
What is the greatest common divisor of 221 and 266141460?
221
What is the highest common divisor of 12756 and 352748046?
6378
Calculate the greatest common factor of 3796803 and 4599.
657
Calculate the greatest common factor of 25957 and 732149.
101
Calculate the greatest common divisor of 954 and 7401291.
159
Calculate the highest common factor of 43 and 11267634.
43
Calculate the greatest common factor of 100115906 and 17941.
2563
What is the highest common divisor of 131360 and 14244350?
8210
Calculate the highest common divisor of 928 and 9427552.
928
What is the greatest common factor of 9 and 447087?
3
What is the greatest common factor of 47804 and 5376012?
1292
What is the greatest common factor of 218 and 261767097?
109
What is the greatest common divisor of 18683 and 6691811?
1099
Calculate the highest common factor of 336934869 and 53031.
4821
What is the greatest common factor of 11445191 and 4351?
229
Calculate the greatest common factor of 256 and 557434.
2
What is the highest common factor of 34121 and 3354392?
229
What is the highest common factor of 745481 and 84729?
61
Calculate the greatest common factor of 212739936 and 3636.
1212
Calculate the greatest common divisor of 168 and 16415322.
42
What is the greatest common factor of 1145904 and 4608?
48
Calculate the highest common divisor of 36900 and 13858.
82
Calculate the greatest common divisor of 621 and 899397.
27
Calculate the highest common factor of 821730 and 15834.
546
What is the greatest common divisor of 14700 and 2151345?
735
What is the highest common divisor of 152171 and 47557?
19
What is the greatest common divisor of 1521138 and 70446?
354
What is the highest common factor of 27 and 15022737?
9
Calculate the highest common divisor of 104 and 24323416.
104
What is the greatest common divisor of 72 and 1534400?
8
What is the highest common factor of 4365 and 36307973?
97
What is the highest common divisor of 70 and 1104866?
14
What is the greatest common factor of 8176 and 1639799?
511
What is the highest common factor of 10 and 216814245?
5
Calculate the highest common divisor of 90383 and 371716.
1273
Calculate the highest common factor of 197142 and 9909218.
2266
Calculate the highest common divisor of 88 and 98132782.
22
What is the highest common divisor of 24 and 74961930?
6
Calculate the greatest common factor of 1662406 and 558.
62
Calculate the highest common divisor of 71502100 and 51920.
1180
Calculate the highest common factor of 31714 and 886736.
314
What is the highest common divisor of 270020 and 375820?
460
Calculate the highest common factor of 750 and 169095.
15
Ca